of 1333623.
3, 29, 15329
What are the prime factors of 4338720?
2, 3, 5, 23, 131
List the prime factors of 608134.
2, 304067
What are the prime factors of 987975?
3, 5, 4391
List the prime factors of 352451.
11, 179
List the prime factors of 149399.
149399
What are the prime factors of 2134861?
2134861
List the prime factors of 20481.
3, 6827
What are the prime factors of 9582266?
2, 47, 101939
List the prime factors of 1980654.
2, 3, 13, 67, 379
List the prime factors of 36112778.
2, 13, 1388953
List the prime factors of 4033660.
2, 5, 201683
List the prime factors of 8205477.
3, 7, 390737
What are the prime factors of 6500944?
2, 406309
What are the prime factors of 937681?
937681
What are the prime factors of 5222584?
2, 647, 1009
What are the prime factors of 19887728?
2, 7, 25367
List the prime factors of 690013.
17, 37, 1097
List the prime factors of 1215817.
163, 7459
What are the prime factors of 234466?
2, 59, 1987
List the prime factors of 2248631.
7, 11, 19, 29, 53
What are the prime factors of 3940609?
3940609
What are the prime factors of 2036601?
3, 7, 32327
What are the prime factors of 32249054?
2, 43, 374989
List the prime factors of 36093.
3, 53, 227
List the prime factors of 8648142.
2, 3, 199, 7243
List the prime factors of 7519048.
2, 939881
What are the prime factors of 9098226?
2, 3, 19, 37, 719
What are the prime factors of 16334981?
13, 83, 15139
List the prime factors of 5520875.
5, 29, 1523
What are the prime factors of 7849883?
37, 53, 4003
What are the prime factors of 418673?
29, 14437
What are the prime factors of 523741?
523741
List the prime factors of 7278800.
2, 5, 31, 587
List the prime factors of 5001808.
2, 7, 17, 37, 71
What are the prime factors of 198500?
2, 5, 397
List the prime factors of 1066963.
167, 6389
What are the prime factors of 1020309?
3, 340103
What are the prime factors of 176602?
2, 88301
List the prime factors of 21940148.
2, 43, 199, 641
What are the prime factors of 5218354?
2, 17, 31, 4951
List the prime factors of 541086.
2, 3, 7, 13, 991
List the prime factors of 325034.
2, 162517
List the prime factors of 76060.
2, 5, 3803
What are the prime factors of 4583157?
3, 487, 3137
What are the prime factors of 546649?
19, 28771
List the prime factors of 766228.
2, 223, 859
List the prime factors of 8284366.
2, 733, 5651
What are the prime factors of 5825104?
2, 364069
What are the prime factors of 176483?
31, 5693
What are the prime factors of 956955?
3, 5, 131, 487
List the prime factors of 217001.
217001
List the prime factors of 219320.
2, 5, 5483
What are the prime factors of 4506457?
4506457
What are the prime factors of 122434?
2, 13, 17, 277
List the prime factors of 2443683.
3, 11, 74051
List the prime factors of 17637087.
3, 13, 452233
What are the prime factors of 2255359?
29, 83, 937
List the prime factors of 86655.
3, 5, 53, 109
List the prime factors of 2970935.
5, 11, 19, 2843
What are the prime factors of 3556529?
89, 449
List the prime factors of 431525.
5, 41, 421
List the prime factors of 223196.
2, 55799
What are the prime factors of 334156?
2, 139, 601
List the prime factors of 268514.
2, 134257
List the prime factors of 116886.
2, 3, 7, 11, 23
List the prime factors of 304162.
2, 152081
What are the prime factors of 596518?
2, 13, 22943
What are the prime factors of 5946859?
233, 25523
List the prime factors of 1037581.
53, 19577
What are the prime factors of 92783?
31, 41, 73
What are the prime factors of 626020?
2, 5, 113, 277
What are the prime factors of 1221241?
7, 59, 2957
List the prime factors of 972169.
11, 88379
What are the prime factors of 241617?
3, 43, 1873
What are the prime factors of 442688?
2, 6917
What are the prime factors of 2238838?
2, 7, 43, 3719
List the prime factors of 73676.
2, 113, 163
What are the prime factors of 2437577?
2437577
List the prime factors of 26514534.
2, 3, 4419089
List the prime factors of 1408880.
2, 5, 11, 1601
What are the prime factors of 4950622?
2, 241, 10271
List the prime factors of 3173492.
2, 7, 17, 59, 113
List the prime factors of 3844890.
2, 3, 5, 7, 17, 359
List the prime factors of 279645.
3, 5, 103, 181
What are the prime factors of 6437304?
2, 3, 29, 3083
List the prime factors of 29147008.
2, 11, 127, 163
List the prime factors of 624324.
2, 3, 52027
What are the prime factors of 154622?
2, 13, 19, 313
List the prime factors of 3440561.
3440561
What are the prime factors of 276996?
2, 3, 41, 563
What are the prime factors of 820879?
17, 109, 443
List the prime factors of 1775316.
2, 3, 337, 439
List the prime factors of 7829641.
563, 13907
List the prime factors of 26993376.
2, 3, 19, 4933
What are the prime factors of 545061?
3, 11, 83, 199
What are the prime factors of 339927?
3, 7, 16187
What are the prime factors of 15020269?
11, 137, 9967
What are the prime factors of 9218568?
2, 3, 384107
List the prime factors of 1370920.
2, 5, 34273
What are the prime factors of 17480213?
151, 115763
List the prime factors of 5719063.
7, 349, 2341
What are the prime factors of 18876?
2, 3, 11, 13
What are the prime factors of 15731402?
2, 23, 14869
What are the prime factors of 2606521?
23, 113327
List the prime factors of 5190327.
3, 576703
List the prime factors of 1083193.
1083193
List the prime factors of 37648562.
2, 7, 23, 16703
What are the prime factors of 5533985?
5, 359, 3083
List the prime factors of 692237.
7, 13, 7607
What are the prime factors of 645465?
3, 5, 37, 1163
List the prime factors of 2035983.
3, 19, 23, 1553
What are the prime factors of 1058779?
1058779
List the prime factors of 3031966.
2, 7, 216569
What are the prime factors of 1299442?
2, 71, 9151
List the prime factors of 184095.
3, 5, 4091
List the prime factors of 22040.
2, 5, 19, 29
List the prime factors of 121540.
2, 5, 59, 103
List the prime factors of 2618792.
2, 11, 29759
List the prime factors of 3847103.
13, 139, 2129
List the prime factors of 1897987.
7, 13, 20857
List the prime factors of 8663294.
2, 4331647
What are the prime factors of 1029340?
2, 5, 13, 37, 107
What are the prime factors of 85861?
19, 4519
List the prime factors of 94624.
2, 2957
List the prime factors of 868042.
2, 7, 62003
List the prime factors of 1213376.
2, 18959
List the prime factors of 197611.
73, 2707
What are the prime factors of 534289?
7, 127, 601
List the prime factors of 5134792.
2, 13, 97, 509
What are the prime factors of 1386551?
1386551
What are the prime factors of 8991852?
2, 3, 47, 107, 149
List the prime factors of 69008.
2, 19, 227
What are the prime factors of 504862?
2, 252431
List the prime factors of 920791.
920791
What are the prime factors of 2798757?
3, 13, 19, 1259
List the prime factors of 2495476.
2, 623869
List the prime factors of 241044.
2, 3, 53, 379
What are the prime factors of 728760?
2, 3, 5, 6073
List the prime factors of 327830.
2, 5, 32783
List the prime factors of 4755124.
2, 11, 67, 1613
List the prime factors of 6366113.
13, 251, 1951
What are the prime factors of 3586115?
5, 13, 55171
What are the prime factors of 248555?
5, 49711
List the prime factors of 4378638.
2, 3, 11, 66343
What are the prime factors of 175986?
2, 3, 3259
List the prime factors of 16571661.
3, 23, 240169
What are the prime factors of 45072?
2, 3, 313
List the prime factors of 1374333.
3, 181, 2531
What are the prime factors of 15179212?
2, 31, 163, 751
What are the prime factors of 8805229?
1283, 6863
List the prime factors of 2756353.
1567, 1759
List the prime factors of 705797.
179, 3943
What are the prime factors of 2439835?
5, 313, 1559
What are the prime factors of 6685550?
2, 5, 133711
What are the prime factors of 2582861?
17, 137, 1109
What are the prime factors of 2537052?
2, 3, 7, 30203
List the prime factors of 37147.
11, 307
What are the prime factors of 477532?
2, 11, 10853
List the prime factors of 7111595.
5, 229, 6211
What are the prime factors of 3237828?
2, 3, 11, 19, 1291
List the prime factors of 15700955.
5, 101, 31091
List the prime factors of 4754317.
4754317
List the prime factors of 18677578.
2, 293, 31873
What are the prime factors of 104614?
2, 19, 2753
What are the prime factors of 10102249?
31, 337, 967
What are the prime factors of 746478?
2, 3, 113, 367
List the prime factors of 8488574.
2, 1213, 3